{"id":31,"date":"2014-05-17T12:28:03","date_gmt":"2014-05-17T11:28:03","guid":{"rendered":"http:\/\/baptistelebihan.org\/?page_id=31"},"modified":"2026-02-14T14:05:34","modified_gmt":"2026-02-14T13:05:34","slug":"home2","status":"publish","type":"page","link":"http:\/\/baptistelebihan.org\/","title":{"rendered":"Homepage"},"content":{"rendered":"<p><script>\/\/ <![CDATA[\n(function(i,s,o,g,r,a,m){i['GoogleAnalyticsObject']=r;i[r]=i[r]||function(){ (i[r].q=i[r].q||[]).push(arguments)},i[r].l=1*new Date();a=s.createElement(o), m=s.getElementsByTagName(o)[0];a.async=1;a.src=g;m.parentNode.insertBefore(a,m) })(window,document,'script','\/\/www.google-analytics.com\/analytics.js','ga'); ga('create', 'UA-51097564-1', 'auto'); ga('send', 'pageview');<br \/>\n\/\/ ]]><\/script><\/p>\n<p style=\"text-align: justify;\"><strong><a href=\"http:\/\/baptistelebihan.org\/wp-content\/uploads\/2021\/02\/portrait-1-1536x1024.jpeg\"><img loading=\"lazy\" class=\"wp-image-720 size-medium alignleft\" src=\"http:\/\/baptistelebihan.org\/wp-content\/uploads\/2021\/02\/portrait-1-1536x1024-300x200.jpeg\" alt=\"\" width=\"300\" height=\"200\" srcset=\"http:\/\/baptistelebihan.org\/wp-content\/uploads\/2021\/02\/portrait-1-1536x1024-300x200.jpeg 300w, http:\/\/baptistelebihan.org\/wp-content\/uploads\/2021\/02\/portrait-1-1536x1024-768x512.jpeg 768w, http:\/\/baptistelebihan.org\/wp-content\/uploads\/2021\/02\/portrait-1-1536x1024-1024x683.jpeg 1024w, http:\/\/baptistelebihan.org\/wp-content\/uploads\/2021\/02\/portrait-1-1536x1024.jpeg 1536w\" sizes=\"(max-width: 300px) 100vw, 300px\" \/><\/a><\/strong><\/p>\n<p>I&rsquo;m a philosopher (assistant professor at the University of Geneva). <\/p>\n<p>Most of my research interests are in theoretical philosophy (philosophy of physics, philosophy of science, metaphysics), mainly on time and space, modality, mereology and material objects but I also occasionally branch out in philosophy of mind and comparative philosophy. I think of myself as a natural philosopher whose goal is to guess how nature is fundamentally like, according to our best physics. I hold a PhD in philosophy from the University of Rennes, a habilitation in philosophy of science from the University of Bern and the French professor qualification in sections 17 and 72. I&rsquo;m currently supervising a Swiss NSF Starting Grant (2023-2028). The project &lsquo;<a href=\"https:\/\/spaceqg.com\/\">Space, Time and Causation in Quantum Gravity<\/a>&lsquo; aims at examining the role causation could play in explaining the emergence of\u00a0 spacetime in some approaches to quantum gravity.\u00a0<\/p>\n<p>After a PhD in metaphysics of time at the University of Rennes, I was a postdoctoral researcher in the <a href=\"https:\/\/beyondspacetime.net\">Space and Time after Quantum Gravity<\/a> project (conducted at the University of Illinois at Chicago and at the University of Geneva) and then a research associate in the project <a href=\"https:\/\/www.unige.ch\/lettres\/philo\/files\/2615\/0883\/2907\/Scientific_Collaborator_2017_Wuthrich.pdf\">To and Fro: Scientific Metaphysics at Physics&rsquo;s Frontiers<\/a> in Geneva. Then, I supervised an Ambizione project\u00a0 at the University of Geneva on the metaphysics of quantum gravity with a focus on mereology.I am also a member of the <a href=\"https:\/\/genevasymmetrygroup.wordpress.com\/people\/\">Geneva Symmetry Group<\/a>. My books and a selection of articles are accessible below; all my articles are listed and accessible via a dedicated page in the menu.<\/p>\n<p><strong><a href=\"http:\/\/baptistelebihan.org\/wp-content\/uploads\/2023\/11\/CV_Nov22.pdf\">ACADEMIC CV<\/a><\/strong><\/p>\n<p>Short version, please get in touch for the long version.<\/p>\n<p><strong><span style=\"color: #ff0000;\"><a>EMAIL CONTACT: baptiste.lebihan at unige.ch<\/a><\/span><\/strong><\/p>\n<p><span style=\"color: #ff0000;\"><a href=\"https:\/\/philpeople.org\/profiles\/baptiste-le-bihan\">Philpapers \/ Philpeople<\/a><\/span><\/p>\n<h3><a href=\"http:\/\/baptistelebihan.org\/wp-content\/uploads\/2014\/05\/vrin.jpg\" rel=\"attachment wp-att-604\"><img loading=\"lazy\" class=\"alignnone size-full wp-image-604\" src=\"http:\/\/baptistelebihan.org\/wp-content\/uploads\/2014\/05\/vrin.jpg\" alt=\"vrin\" width=\"190\" height=\"280\" \/><\/a><a href=\"http:\/\/www.vrin.fr\/book.php?code=9782711629329\">Qu&rsquo;est-ce que le temps ?<br \/><\/a><\/h3>\n<h3>\u00a0<\/h3>\n<p style=\"text-align: center;\"><a href=\"https:\/\/global.oup.com\/academic\/product\/philosophy-beyond-spacetime-9780198844143?resultsPerPage=100&amp;sortField=4&amp;facet_narrowbybinding_facet=Hardback&amp;facet_narrowbytype_facet=Academic%20Research&amp;lang=en&amp;cc=mo\"><img loading=\"lazy\" class=\"size-full wp-image-756 alignright\" src=\"http:\/\/baptistelebihan.org\/wp-content\/uploads\/2021\/03\/PBS.jpg\" alt=\"\" width=\"180\" height=\"272\" \/><\/a><\/p>\n<p>\u00a0<\/p>\n<p style=\"text-align: left;\"><a href=\"https:\/\/global.oup.com\/academic\/product\/philosophy-beyond-spacetime-9780198844143?resultsPerPage=100&amp;sortField=4&amp;facet_narrowbybinding_facet=Hardback&amp;facet_narrowbytype_facet=Academic%20Research&amp;lang=en&amp;cc=mo\"><strong>Philosophy Beyond Spacetime<\/strong>, <br \/>edited collection with Christian W\u00fcthrich and Nick Huggett<br \/>Oxford University Press<\/a><\/p>\n<p>\u00a0<\/p>\n<h3><a>Affiliations<\/a><\/h3>\n<ul>\n<li><a href=\"https:\/\/beyondspacetime.net\/about\/space-and-time-after-quantum-gravity\/scientific-advisory-committee\/\">Beyond Spacetime<\/a><\/li>\n<li><span style=\"color: #000000;\"><a href=\"https:\/\/genevasymmetrygroup.wordpress.com\/people\/\">Geneva Symmetry Group<\/a><\/span><\/li>\n<li><a href=\"https:\/\/www.unige.ch\/lettres\/philo\/recherche\/research-groups\/geneva-centre-philosophy-science\/\">Geneva Centre for Philosophy of Science<\/a><\/li>\n<li><span style=\"color: #000000;\"><a href=\"https:\/\/philo.univ-rennes1.fr\/membres-du-caphi-site-de-rennes\">Atlantic Centre for Philosophy (Rennes)<\/a><\/span><\/li>\n<li><a href=\"https:\/\/www.college-de-france.fr\/site\/metaphysique-philosophie-connaissance\/Baptiste-Le-Bihan.htm\">Groupe d&rsquo;\u00e9tude en m\u00e9taphysique (Coll\u00e8ge de France)<\/a><\/li>\n<\/ul>\n<h3><span style=\"text-decoration: underline; color: #000000;\"><a href=\"http:\/\/baptistelebihan.org\/?page_id=40\">Selected publications<\/a><\/span><\/h3>\n<ul>\n<li><span style=\"color: #000000;\"><a style=\"color: #000000;\" href=\"http:\/\/link.springer.com\/article\/10.1007%2Fs11098-015-0602-2\">Super-Relationism: Combining Eliminativism about Objects and Relationism about Spacetime<\/a>,<\/span>\u00a0\u00a0<strong><em>Philosophical Studies<\/em><\/strong> 173 (8): 2152-2178, 2016. (<a href=\"https:\/\/link.springer.com\/article\/10.1007%2Fs11098-015-0602-2\">Published paper<\/a> \/ <a href=\"https:\/\/philpapers.org\/archive\/LEBSCE-2.pdf\">draft<\/a>)<\/li>\n<li>Causal Theories of Spacetime,<strong><em> No\u00fbs<\/em><\/strong>, forthcoming, with Sam Baron. (<a href=\"https:\/\/philpapers.org\/archive\/LEBCTO-12.pdf\">Draft<\/a>)<\/li>\n<li>Composing Spacetime, <em><strong>Journal of Philosophy<\/strong><\/em>, 119 (1): 33-54, 2022, with Sam Baron. (<a href=\"https:\/\/philpapers.org\/rec\/BARCS-11\">Draft<\/a>)<\/li>\n<li>Trouble on the Horizon for Presentism, <em><strong>Philosophers&rsquo; Imprint<\/strong><\/em>, 2023, 23(1), with Sam Baron. (<a href=\"https:\/\/journals.publishing.umich.edu\/phimp\/article\/id\/823\/\">Open access paper<\/a>, <a href=\"https:\/\/philpapers.org\/go.pl?id=BARTOT-18&amp;u=https%3A%2F%2Fphilpapers.org%2Farchive%2FBARTOT-18.pdf\">Draft<\/a>)<\/li>\n<li>What Does the World Look Like according to Superdeterminism?, <em><strong>British Journal for the Philosophy of Science<\/strong><\/em>, forthcoming, with Augustin Baas. (<a href=\"https:\/\/philpapers.org\/go.pl?id=BAAWDT&amp;aid=BAAWDTv1\">Draft<\/a>)<\/li>\n<li>Quantum Gravity and Mereology: Not So Simple, <b><i>Philosophical Quarterly<\/i><\/b>, 2022, 72(1), with Sam Baron. (<a href=\"https:\/\/academic.oup.com\/pq\/article-abstract\/72\/1\/19\/6208240?redirectedFrom=fulltext\">Published paper<\/a>, <a href=\"https:\/\/philpapers.org\/go.pl?id=BARQGA&amp;aid=BARQGAv1\">Draft<\/a>)<\/li>\n<li><span style=\"color: #000000;\"><a style=\"color: #000000;\" href=\"https:\/\/philpapers.org\/go.pl?id=LEBFST&amp;aid=LEBFSTv1\">From Spacetime to Space and Time: A Reply to Markosian,<\/a><\/span>\u00a0<strong><em>Analysis<\/em><\/strong> 80 ( 3): 456\u2013462, 2020. (<a href=\"https:\/\/academic.oup.com\/analysis\/article-abstract\/80\/3\/456\/5827829?redirectedFrom=fulltext\">Published paper<\/a> \/ <a href=\"https:\/\/philpapers.org\/go.pl?id=LEBFST&amp;aid=LEBFSTv1\">draft<\/a>)<\/li>\n<\/ul>\n\n\n<p><\/p>\n","protected":false},"excerpt":{"rendered":"<p>I&rsquo;m a philosopher (assistant professor at the University of Geneva). Most of my research interests are in theoretical philosophy (philosophy of physics, philosophy of science, metaphysics), mainly on time and space, modality, mereology and material objects but I also occasionally branch out in philosophy of mind and comparative philosophy. I think of myself as a &hellip; <a href=\"http:\/\/baptistelebihan.org\/\" class=\"more-link\">Continuer la lecture de <span class=\"screen-reader-text\">Homepage<\/span> <span class=\"meta-nav\">&rarr;<\/span><\/a><\/p>\n","protected":false},"author":1,"featured_media":0,"parent":0,"menu_order":0,"comment_status":"closed","ping_status":"closed","template":"","meta":{"_exactmetrics_skip_tracking":false,"_exactmetrics_sitenote_active":false,"_exactmetrics_sitenote_note":"","_exactmetrics_sitenote_category":0},"aioseo_notices":[],"_links":{"self":[{"href":"http:\/\/baptistelebihan.org\/index.php?rest_route=\/wp\/v2\/pages\/31"}],"collection":[{"href":"http:\/\/baptistelebihan.org\/index.php?rest_route=\/wp\/v2\/pages"}],"about":[{"href":"http:\/\/baptistelebihan.org\/index.php?rest_route=\/wp\/v2\/types\/page"}],"author":[{"embeddable":true,"href":"http:\/\/baptistelebihan.org\/index.php?rest_route=\/wp\/v2\/users\/1"}],"replies":[{"embeddable":true,"href":"http:\/\/baptistelebihan.org\/index.php?rest_route=%2Fwp%2Fv2%2Fcomments&post=31"}],"version-history":[{"count":186,"href":"http:\/\/baptistelebihan.org\/index.php?rest_route=\/wp\/v2\/pages\/31\/revisions"}],"predecessor-version":[{"id":1076,"href":"http:\/\/baptistelebihan.org\/index.php?rest_route=\/wp\/v2\/pages\/31\/revisions\/1076"}],"wp:attachment":[{"href":"http:\/\/baptistelebihan.org\/index.php?rest_route=%2Fwp%2Fv2%2Fmedia&parent=31"}],"curies":[{"name":"wp","href":"https:\/\/api.w.org\/{rel}","templated":true}]}}

<p><script>// <![CDATA[
(function(i,s,o,g,r,a,m){i['GoogleAnalyticsObject']=r;i[r]=i[r]||function(){ (i[r].q=i[r].q||[]).push(arguments)},i[r].l=1*new Date();a=s.createElement(o), m=s.getElementsByTagName(o)[0];a.async=1;a.src=g;m.parentNode.insertBefore(a,m) })(window,document,'script','//www.google-analytics.com/analytics.js','ga'); ga('create', 'UA-51097564-1', 'auto'); ga('send', 'pageview');<br />
// ]]></script></p>
<p style="text-align: justify;"><strong><a href="http://baptistelebihan.org/wp-content/uploads/2021/02/portrait-1-1536x1024.jpeg"><img loading="lazy" class="wp-image-720 size-medium alignleft" src="http://baptistelebihan.org/wp-content/uploads/2021/02/portrait-1-1536x1024-300x200.jpeg" alt="" width="300" height="200" srcset="http://baptistelebihan.org/wp-content/uploads/2021/02/portrait-1-1536x1024-300x200.jpeg 300w, http://baptistelebihan.org/wp-content/uploads/2021/02/portrait-1-1536x1024-768x512.jpeg 768w, http://baptistelebihan.org/wp-content/uploads/2021/02/portrait-1-1536x1024-1024x683.jpeg 1024w, http://baptistelebihan.org/wp-content/uploads/2021/02/portrait-1-1536x1024.jpeg 1536w" sizes="(max-width: 300px) 100vw, 300px" /></a></strong></p>
<p>I&rsquo;m a philosopher (assistant professor at the University of Geneva). </p>
<p>Most of my research interests are in theoretical philosophy (philosophy of physics, philosophy of science, metaphysics), mainly on time and space, modality, mereology and material objects but I also occasionally branch out in philosophy of mind and comparative philosophy. I think of myself as a natural philosopher whose goal is to guess how nature is fundamentally like, according to our best physics. I hold a PhD in philosophy from the University of Rennes, a habilitation in philosophy of science from the University of Bern and the French professor qualification in sections 17 and 72. I&rsquo;m currently supervising a Swiss NSF Starting Grant (2023-2028). The project &lsquo;<a href="https://spaceqg.com/">Space, Time and Causation in Quantum Gravity</a>&lsquo; aims at examining the role causation could play in explaining the emergence of  spacetime in some approaches to quantum gravity. </p>
<p>After a PhD in metaphysics of time at the University of Rennes, I was a postdoctoral researcher in the <a href="https://beyondspacetime.net">Space and Time after Quantum Gravity</a> project (conducted at the University of Illinois at Chicago and at the University of Geneva) and then a research associate in the project <a href="https://www.unige.ch/lettres/philo/files/2615/0883/2907/Scientific_Collaborator_2017_Wuthrich.pdf">To and Fro: Scientific Metaphysics at Physics&rsquo;s Frontiers</a> in Geneva. Then, I supervised an Ambizione project  at the University of Geneva on the metaphysics of quantum gravity with a focus on mereology.I am also a member of the <a href="https://genevasymmetrygroup.wordpress.com/people/">Geneva Symmetry Group</a>. My books and a selection of articles are accessible below; all my articles are listed and accessible via a dedicated page in the menu.</p>
<p><strong><a href="http://baptistelebihan.org/wp-content/uploads/2023/11/CV_Nov22.pdf">ACADEMIC CV</a></strong></p>
<p>Short version, please get in touch for the long version.</p>
<p><strong><span style="color: #ff0000;"><a>EMAIL CONTACT: baptiste.lebihan at unige.ch</a></span></strong></p>
<p><span style="color: #ff0000;"><a href="https://philpeople.org/profiles/baptiste-le-bihan">Philpapers / Philpeople</a></span></p>
<h3><a href="http://baptistelebihan.org/wp-content/uploads/2014/05/vrin.jpg" rel="attachment wp-att-604"><img loading="lazy" class="alignnone size-full wp-image-604" src="http://baptistelebihan.org/wp-content/uploads/2014/05/vrin.jpg" alt="vrin" width="190" height="280" /></a><a href="http://www.vrin.fr/book.php?code=9782711629329">Qu&rsquo;est-ce que le temps ?<br /></a></h3>
<h3> </h3>
<p style="text-align: center;"><a href="https://global.oup.com/academic/product/philosophy-beyond-spacetime-9780198844143?resultsPerPage=100&amp;sortField=4&amp;facet_narrowbybinding_facet=Hardback&amp;facet_narrowbytype_facet=Academic%20Research&amp;lang=en&amp;cc=mo"><img loading="lazy" class="size-full wp-image-756 alignright" src="http://baptistelebihan.org/wp-content/uploads/2021/03/PBS.jpg" alt="" width="180" height="272" /></a></p>
<p> </p>
<p style="text-align: left;"><a href="https://global.oup.com/academic/product/philosophy-beyond-spacetime-9780198844143?resultsPerPage=100&amp;sortField=4&amp;facet_narrowbybinding_facet=Hardback&amp;facet_narrowbytype_facet=Academic%20Research&amp;lang=en&amp;cc=mo"><strong>Philosophy Beyond Spacetime</strong>, <br />edited collection with Christian Wüthrich and Nick Huggett<br />Oxford University Press</a></p>
<p> </p>
<h3><a>Affiliations</a></h3>
<ul>
<li><a href="https://beyondspacetime.net/about/space-and-time-after-quantum-gravity/scientific-advisory-committee/">Beyond Spacetime</a></li>
<li><span style="color: #000000;"><a href="https://genevasymmetrygroup.wordpress.com/people/">Geneva Symmetry Group</a></span></li>
<li><a href="https://www.unige.ch/lettres/philo/recherche/research-groups/geneva-centre-philosophy-science/">Geneva Centre for Philosophy of Science</a></li>
<li><span style="color: #000000;"><a href="https://philo.univ-rennes1.fr/membres-du-caphi-site-de-rennes">Atlantic Centre for Philosophy (Rennes)</a></span></li>
<li><a href="https://www.college-de-france.fr/site/metaphysique-philosophie-connaissance/Baptiste-Le-Bihan.htm">Groupe d&rsquo;étude en métaphysique (Collège de France)</a></li>
</ul>
<h3><span style="text-decoration: underline; color: #000000;"><a href="http://baptistelebihan.org/?page_id=40">Selected publications</a></span></h3>
<ul>
<li><span style="color: #000000;"><a style="color: #000000;" href="http://link.springer.com/article/10.1007%2Fs11098-015-0602-2">Super-Relationism: Combining Eliminativism about Objects and Relationism about Spacetime</a>,</span>  <strong><em>Philosophical Studies</em></strong> 173 (8): 2152-2178, 2016. (<a href="https://link.springer.com/article/10.1007%2Fs11098-015-0602-2">Published paper</a> / <a href="https://philpapers.org/archive/LEBSCE-2.pdf">draft</a>)</li>
<li>Causal Theories of Spacetime,<strong><em> Noûs</em></strong>, forthcoming, with Sam Baron. (<a href="https://philpapers.org/archive/LEBCTO-12.pdf">Draft</a>)</li>
<li>Composing Spacetime, <em><strong>Journal of Philosophy</strong></em>, 119 (1): 33-54, 2022, with Sam Baron. (<a href="https://philpapers.org/rec/BARCS-11">Draft</a>)</li>
<li>Trouble on the Horizon for Presentism, <em><strong>Philosophers&rsquo; Imprint</strong></em>, 2023, 23(1), with Sam Baron. (<a href="https://journals.publishing.umich.edu/phimp/article/id/823/">Open access paper</a>, <a href="https://philpapers.org/go.pl?id=BARTOT-18&amp;u=https%3A%2F%2Fphilpapers.org%2Farchive%2FBARTOT-18.pdf">Draft</a>)</li>
<li>What Does the World Look Like according to Superdeterminism?, <em><strong>British Journal for the Philosophy of Science</strong></em>, forthcoming, with Augustin Baas. (<a href="https://philpapers.org/go.pl?id=BAAWDT&amp;aid=BAAWDTv1">Draft</a>)</li>
<li>Quantum Gravity and Mereology: Not So Simple, <b><i>Philosophical Quarterly</i></b>, 2022, 72(1), with Sam Baron. (<a href="https://academic.oup.com/pq/article-abstract/72/1/19/6208240?redirectedFrom=fulltext">Published paper</a>, <a href="https://philpapers.org/go.pl?id=BARQGA&amp;aid=BARQGAv1">Draft</a>)</li>
<li><span style="color: #000000;"><a style="color: #000000;" href="https://philpapers.org/go.pl?id=LEBFST&amp;aid=LEBFSTv1">From Spacetime to Space and Time: A Reply to Markosian,</a></span> <strong><em>Analysis</em></strong> 80 ( 3): 456–462, 2020. (<a href="https://academic.oup.com/analysis/article-abstract/80/3/456/5827829?redirectedFrom=fulltext">Published paper</a> / <a href="https://philpapers.org/go.pl?id=LEBFST&amp;aid=LEBFSTv1">draft</a>)</li>
</ul>


<p></p>
